w).
-22
Let u(t) = t. Let q(j) be the third derivative of j**4/24 - 8*j**3/3 + 37*j**2. Let i(m) = q(m) - 2*u(m). Give i(-8).
-8
Let m(i) = 3*i + 4. Let z(p) = -8*p - 41. Let c(t) = -9*t - 38. Let y(l) = -7*c(l) + 6*z(l). Let x(v) = -11*m(v) + 2*y(v). Give x(-3).
5
Let q(f) = 5*f - 79. Let d be (-1 - -26)*(21/(-15) + 2). Calculate q(d).
-4
Let u(a) = -a + 4. Let n(q) be the third derivative of q**5/60 - 7*q**4/24 - 116*q**3/3 + 40*q**2. Let j be n(19). Calculate u(j).
8
Let x(q) = 5*q - 3. Suppose 6 = -9*f + 12*f. Suppose 58*l = 66*l - 32. Suppose 3*r - l*j + 12 = 5*r, 3*r - f*j - 2 = 0. Calculate x(r).
7
Let h(x) = -x**3 + x**2 - x - 2. Let l(p) = 13*p**2 - 3*p + 2. Let d(z) = h(z) - l(z). Calculate d(-12).
-28
Let k(x) = x**3 + 6*x**2 + 7*x - 4. Let f be k(-4). Let j(o) = -6 - 3 - 535*o + f + 536*o. Suppose 2*r = z - 1, 3*r - 61 = -5*z - r. What is j(z)?
0
Let y(c) be the second derivative of -7*c**4/4 - 43*c**3/6 - c**2 + 9308*c. What is y(-2)?
0
Suppose 0 = -k + g + 11, -5*k + 2*g - 9 + 79 = 0. Suppose -5*i - 7 = 4*j, 7*i + k = 3*i + 2*j. Let u(m) = m**3 + 2*m**2. Determine u(i).
-9
Suppose -15*l + 51 = 2*l. Let f(m) = 4*m**2 - 5. What is f(l)?
31
Let n be 98/(-10) - 10*(-9)/(-450). Let d(b) be the first derivative of -1/2*b**2 - 3 - 5*b. Calculate d(n).
5
Suppose -u + 12 = p + u, 4*u - 8 = 0. Let t(v) = 410*v**2 + 7*v - 827*v**2 + 416*v**2 + 7. Calculate t(p).
-1
Suppose 0 = -l + 5*z + 37, 15*l - 11*l - 48 = -5*z. Let s(a) = -1 + 30*a - l*a - 11*a + a**2 + 5. What is s(-3)?
7
Let i(h) be the third derivative of -h**5/12 + h**4/12 - h**3/3 - 3*h**2 + 5. Give i(1).
-5
Suppose -4 - 41 = -5*l. Let d(o) = 147 - 635683*o**2 + 635681*o**2 - 146 + 18*o. Give d(l).
1
Let u(y) = -y**3 + 10*y**2 - 23*y + 15. Let x be u(7). Let h(k) = 7*k**3 - 2*k**2 + 4*k - 3. Give h(x).
6
Let x(a) = -3*a**3 - 19*a**2 + a - 22. Let m(r) = 4*r**3 + 20*r**2 - 2*r + 23. Let d(k) = -2*m(k) - 3*x(k). Let u be ((140/72)/(-7)*-15 + -7)*6. What is d(u)?
3
Let y = -745 + 747. Let t(l) = 3 + 7*l**3 - 16*l**3 - y*l**2 + 7*l**3 + 4*l - 2*l + 3*l. Determine t(-3).
24
Suppose -5*j + 5 = 5*h, 5*h - 3*j + 6*j = 13. Let s(k) = 13*k + 2. Let q(o) = 7*o + 1. Let d(r) = h*q(r) - 2*s(r). Suppose 0*b + 4 = -4*b. Determine d(b).
-8
Let m(t) be the second derivative of 2*t**3/3 + 34*t**2 - 1552*t. Give m(-15).
8
Let g(t) = -352 + 166 + 4*t + 0*t + 161. Calculate g(7).
3
Let p(l) = -l + 23. Let b(r) = r**3 + 22*r**2 + 139*r + 2472. Let k be b(-21). Give p(k).
29
Let q(z) = 2*z**2 + 15*z - 2. Let t be 3 + (-10)/(-7 + 9) + -5. Determine q(t).
-9
Let f(j) = 62*j**2 + 19*j - 95. Let m(t) = -149*t**2 - 48*t + 239. Let z(b) = 12*f(b) + 5*m(b). What is z(-15)?
10
Suppose -4*v - 3 = 5*j, 16*v - 14*v = 3*j + 15. Let m(q) = -2*q - 5. Determine m(v).
-11
Let l be (-54)/(-12) + -3 + (-15)/2. Let s(g) = -7*g + 16. Let w(x) = 8*x - 18. Let i(h) = l*w(h) - 7*s(h). Give i(5).
1
Let l = 11 + -11. Let d = -48 + 50. Let u(o) = -4*o**2 + 2*o**d - 5*o**2 - 11 - o + 6*o**2. Give u(l).
-11
Suppose -t - 3*t - 482 = o, -246 = 2*t - 2*o. Let f = -120 - t. Let a(z) be the second derivative of 11*z**3/6 + z**2/2 + 7*z. Calculate a(f).
12
Let p(h) = -h**2 + 2*h - 4. Let w(v) = v**2 - 5. Let k(b) = 2*b**2 - 7. Let z(q) = 2*k(q) - 3*w(q). Let c(r) = p(r) + 2*z(r). Calculate c(1).
1
Let n(p) be the second derivative of -p**4/12 - p**3/2 + 3*p**2 + 3424*p. Give n(-4).
2
Let k = 569 + -565. Let v(c) = -36*c + 3 + 30*c - 10 + k*c. Calculate v(-10).
13
Suppose 0 = 3*h - 19 + 7. Let k(u) be the third derivative of 2/3*u**3 + 5/24*u**4 + 0*u + 35*u**2 + 1/120*u**6 - 7/60*u**5 + 0. Calculate k(h).
-24
Let g(y) = -y**2 - 2*y + 4. Suppose -27 = -3*i + 3*v, 3*i = -i - 4*v - 4. Suppose -4*t + 4*x - 36 = 0, 3*x - 28 = i*t + 4. Determine g(t).
-11
Let s(p) = 170 - 525 + 0*p + 185 + 211 + p. Calculate s(-29).
12
Let m(b) = -33*b - 24. Let d(l) = -21*l - 14. Let y(q) = 8*d(q) - 5*m(q). What is y(7)?
-13
Let m(h) = -12*h + 29*h - 58 - 21*h. Give m(-12).
-10
Let y(v) = -v**3 - 2*v**2 - v. Let b(l) = 6*l**3 + 7*l**2 + 86*l. Let n(p) = -b(p) - 5*y(p). Let h(m) be the second derivative of n(m). Determine h(2).
-6
Suppose 56*y = 377*y - 883 - 401. Let u(t) be the first derivative of 3*t**2 - 1/3*t**3 + 4*t - 2. Determine u(y).
12
Let c(j) = 5*j**2. Let v(g) be the third derivative of g**5/30 - 49*g**4/24 - 2*g**3 - 12*g**2. Let t be v(24). Let n be 4/t - (-20)/18. Give c(n).
5
Let l(y) = 19*y**2 - 23*y + 4. Let o(p) = -8*p**2 + 11*p - 1. Let d(m) = 4*l(m) + 9*o(m). Determine d(4).
99
Suppose -13*n = -20*n - 945. Let h(z) = z**3 + z - 8. Let b be h(-5). Let m = n - b. Let c(y) = -y**2 + 4*y - 1. Determine c(m).
2
Let s = -312 - -314. Suppose -29*r - 5 = -24*r + s*l, 0 = 3*r - 3*l + 3. Let z(y) = -y + 0*y - 2*y. Determine z(r).
3
Let u(r) be the second derivative of -16*r**3/3 + 66*r**2 - 3262*r. Determine u(4).
4
Let j(y) = -3*y - 3. Suppose -5*h = -2*u + 87, -3*u + h + 114 = -h. Let d be (42/(-5))/3 - u/(-45). What is j(d)?
3
Let a(m) = -6*m - 22. Let j(b) = 6*b - 5*b + 44 + 5*b + 7*b. Let i(k) = 7*a(k) + 3*j(k). Calculate i(-8).
2
Let t be (5 - 5)/(-48 - -54). Let u(y) be the third derivative of 7/24*y**4 + 0 - 2/3*y**3 + t*y - 16*y**2. What is u(3)?
17
Let q(n) = -28*n - 3. Let x(o) = 19*o + 2. Suppose 4*k - 5*k - 17 = -3*c, 0 = -4*c - k + 32. Let i(y) = c*x(y) + 5*q(y). What is i(1)?
-8
Let x(r) = -r**2 + 8. Suppose 5*y - 4*g = 676 + 179, 4*g = y - 171. Let w = y + -171. Calculate x(w).
8
Suppose 2*f = -f - 75. Let i = -19 - f. Suppose 0*h = h + i. Let x(m) = m**2 + 5*m - 8. Give x(h).
-2
Suppose 65*r = 58*r + 14. Let c(i) = -5*i + 3 + 5*i + r*i + 1. Give c(-11).
-18
Let p(z) = -5*z - 1. Let k be (340/28 + -12)*7. Determine p(k).
-6
Let k(d) = -2*d**3 + d**3 + 22*d**2 - 11 - 28*d - 34 + 16*d**2 + 68*d. Give k(39).
-6
Let k(g) = -33*g - 37. Let n be k(-1). Let c be n*((-114)/24 + 6). Let x(z) = 3*z + 10. Determine x(c).
-5
Let t be (99/132)/(26/(-16) - -2). Let q(u) = 9 - 6*u**3 + 11*u**t - 8*u**2 + 5 - 2*u - 13. Calculate q(2).
-39
Let z(n) be the third derivative of -n**6/360 - n**5/12 - 5*n**4/8 - 2*n**3/3 + 70*n**2. Let y(d) be the second derivative of z(d). Calculate y(-8).
6
Let y = -2133 + 2131. Let n(c) = -c**3 - c**2 + c - 2. Determine n(y).
0
Let a = 84 + -72. Suppose -a*g = -80 - 16. Let v(h) = 5 - 4*h**2 + 7*h + 12*h**2 - g*h + h**3 - 9. Calculate v(-8).
4
Let c(h) = -h**2 - 4*h + 1. Suppose -6*o = -4*o. Suppose -4*j - 3*d - 32 = -o, 4*d + 26 = -2*j. Let s be (15/j - -1) + -1*3. Determine c(s).
-4
Let g(v) = 2*v + 24. Let j(u) = -17*u**2 - 176*u - 76. Let y be j(-10). Calculate g(y).
-8
Let x(h) = 44 - 5*h**3 + 2*h - 3*h**3 + 9*h**3 + 0*h**3 + 18*h**2 + 8*h**2. Calculate x(-26).
-8
Let r(q) = q**3 + 3*q**2 - 3*q - 3. Suppose -5*s + 0*s = 210. Let g(b) = 6*b - 10. Let o be g(-6). Let d = o - s. Give r(d).
-7
Let a(b) be the first derivative of -3*b**3 - 2*b**2 + 13*b + 3617. Give a(3).
-80
Let p(z) = 3*z - 161. Let a(g) = -49*g + 4. Let l be a(-1). Let r be p(l). Let i(s) = s**2 - 3. What is i(r)?
1
Let b(a) be the third derivative of 0*a + 27*a**2 + 0 - 1/20*a**6 - 1/12*a**4 + 1/30*a**5 + 1/6*a**3. Let d be 5*(4 - (-76)/(-20)). Determine b(d).
-5
Let h(b) be the second derivative of -2*b**4/3 + b**3/2 - 2*b**2 - 759*b - 2. Give h(2).
-30
Let p(j) = -6282 - 135*j**2 + 3*j + 140*j**2 + j**3 + 6262. What is p(-4)?
-16
Let n(z) = 3*z**2 + 3*z + 3. Let o(x) = -10*x**2 - 10*x - 8. Let c(g) = -7*n(g) - 2*o(g). Let i = 89 + -85. Suppose 26 - 42 = i*p. Give c(p).
-17
Let l(x) = 19*x - 2. Let t be (18/10)/((-6)/(-40)). Suppose t*o - 17 = -41. What is l(o)?
-40
Suppose 13*k + 4 - 30 = 0. Let x(l) = 5*l**2 - 12 + 0*l + 20 + k*l - 7. Give x(-1).
4
Let i(t) = -t**3 - 12*t**2 + 4*t + 38. Let o be i(-7). Let m = 233 + o. Let j(q) = q**3 + q**2 - 2*q + 1. Determine j(m).
1
Let o(g) = 5*g**2 - 45*g + 11. Let r be o(9). Let h be -12 + 8 - (r + -3). Let n(t) = t**2 + 11*t - 5. Determine n(h).
7
Let l(i) = 10*i**2 - 18*i + 39. Let o be l(2). Let c(t) = -o*t + 2 + 6 - 66*t + 107*t. Let r be (-3)/(-9) + 17/3. Calculate c(r).
-4
Let o(k) = -k**2 - 14*k - 48. Let j be o(-6). Let a(v) = 6 - 11 - 6*v + 14*v - 4*v. Determine a(j).
-5
Let w(y) be the first derivative of 8*y**3/3 + 7*y**2/2 - 7*y - 6336. Calculate w(4).
149
Let d be (-20)/290 + (-11)/(3